MONTHLY CLIMATOLOGICAL SUMMARY for AUG. 2009

NAME:    CITY:  STATE: 
ELEV:  LAT:  LONG: 

                            TEMPERATURE ( C), RAIN (mm), WIND SPEED (kmh)

                                                 HEAT     COOL           AVG
      MEAN                                       DEG      DEG            WIND                        DOM
DAY   TEMP    HIGH   TIME      LOW     TIME      DAYS     DAYS   RAIN    SPEED    HIGH    TIME       DIR
----------------------------------------------------------------------------------------------------------------------------------------------------------
01    27.5    33.7   15:37    21.9   06:34     00.0     09.2    00.0   00.2     05.5    14:21     NNE
02    27.7    34.9   16:08    21.6   06:26     00.0     09.4    00.0   00.4     05.5    22:41     NNE
03    24.2    30.3   16:03    18.6   23:17     00.0     05.9    38.2   01.0     16.6    18:33      NW
04    22.9    27.9   19:05    18.8   02:15     00.0     04.6    00.0   00.2     05.5    15:05      NE
05    25.3    31.9   14:53    18.9   05:11     00.0     07.0    00.0   00.2     05.5    15:27     SSE
06    26.2    31.9   16:12    20.4   04:57     00.0     07.9    00.0   00.2     05.5    14:28     ENE
07    27.0    32.3   16:21    21.9   06:25     00.0     08.7    00.0   00.5     07.4    11:56      E 
08    26.6    30.8   16:11    23.1   07:05     00.0     08.3    00.0   00.7     05.5    14:19      N 
09    26.6    31.1   15:36    22.9   06:47     00.0     08.3    00.0   00.7     09.3    11:50      NE
10    25.4    32.8   16:15    21.1   23:40     00.0     07.1    00.0   00.9     11.1    19:07      NE
11    25.4    31.0   15:31    20.2   04:22     00.0     07.1    00.0   00.3     05.5    17:49      N 
12    26.2    32.6   14:53    21.4   06:23     00.0     07.9    00.0   00.5     09.3    16:09      NE
13    25.1    31.6   14:56    20.8   22:37     00.0     06.8    10.9   00.9     11.1    19:14      N 
14    24.6    29.8   16:06    19.9   07:29     00.0     06.3    03.6   00.7     09.3    10:29     ENE
15    26.0    32.2   15:18    20.9   06:31     00.0     07.7    00.0   00.2     03.7    22:12      NW
16    27.1    33.4   16:08    21.2   06:56     00.0     08.8    00.0   00.1     03.7    16:54      S 
17    28.4    35.2   15:03    21.6   07:14     00.0     10.1    00.0   00.3     05.5    13:00     WSW
18    28.8    35.6   14:55    21.7   06:49     00.0     10.5    00.0   00.1     03.7    15:20      S 
19
20    29.1    35.4   16:01    23.8   06:54     00.0     10.8    00.0   00.3     05.5    13:15      N 
21    28.8    34.6   14:17    24.2   06:27     00.0     10.5    00.0   00.2     03.7    19:30      NE
22    27.2    34.3   15:06    23.4   07:24     00.0     08.9    00.0   00.8     07.4    17:27     NNE
23    25.6    31.1   16:13    20.3   06:57     00.0     07.3    00.0   01.0     07.4    23:59      NE
24    24.9    30.2   15:31    20.3   07:23     00.0     06.6    00.0   00.9     09.3    01:57     ENE
25    24.8    31.2   15:21    18.9   06:24     00.0     06.5    00.0   00.2     05.5    01:19      NE
26    25.5    31.9   15:15    20.2   05:54     00.0     07.2    00.0   00.4     05.5    17:53      E 
27    26.9    32.9   16:02    21.5   06:57     00.0     08.6    00.0   00.2     05.5    13:13     NNW
28    27.5    34.1   16:00    22.4   06:24     00.0     09.2    00.6   00.2     09.3    15:29     SSW
29    24.8    30.5   12:38    20.1   00:00     00.0     06.5    12.7   01.7     14.8    16:30     ENE
30    22.2    27.2   15:56    18.8   02:14     00.0     03.9    00.0   01.2     09.3    09:30     ENE
31    22.6    29.7   15:52    16.8   07:12     00.0     04.3    00.0   00.2     05.5    14:00     NNE
----------------------------------------------------------------------------------------------------------------------------------------------------------
26.0 (26.5)   35.6  day 18     16.8  day 31   000.0    232.3   066.1   00.5     16.7   day 03      NE
Max >=  30: 26
Min <=   30: 30
Max Rain: 38.2 ON 3-08-09
Days of Rain: 5 (> .2mm) 4 (> 2mm) 1 (> 20mm)