MONTHLY CLIMATOLOGICAL SUMMARY for JUN. 2008

NAME:    CITY:  STATE: 
ELEV:  LAT:  LONG: 

                            TEMPERATURE ( C), RAIN (mm), WIND SPEED (kmh)

                                                 HEAT     COOL           AVG
      MEAN                                       DEG      DEG            WIND                         DOM
DAY   TEMP    HIGH   TIME      LOW     TIME      DAYS     DAYS   RAIN    SPEED    HIGH    TIME        DIR
----------------------------------------------------------------------------------------------------------------------------------------------------------
01    23.2    29.1   16:43p    17.5   06:03a     00.0     04.9    00.0   00.6     07.4    15:29p      S 
02    23.5    30.1   16:01p    19.4   23:58p     00.0     05.2    00.0   01.0     16.6    16:36p      W 
03    22.6    29.1   16:06p    17.3   21:37p     00.0     04.3    04.7   01.2     18.5    21:07p      NW
04    19.3    21.2   18:42p    17.6   03:21a     00.0     01.0    04.6   01.0     11.1    12:19p     WNW
05    18.8    21.3   16:56p    17.1   05:26a     00.0     00.5    15.5   00.6     07.4    17:49p      NE
06    18.5    22.7   15:13p    16.9   21:26p     00.0     00.2    15.0   00.7     05.5    16:55p     ESE
07    20.0    24.6   13:00p    15.5   12:01p     00.0     01.7    00.0   00.8     11.1    13:46p      W 
08    21.2    26.8   15:27p    16.4   05:58a     00.0     02.9    01.0   01.1     09.3    20:45p      N 
09    21.2    26.1   12:36p    17.8   06:07a     00.0     02.9    00.0   00.9     07.4    11:44a      NW
10    23.6    29.8   15:52p    17.6   05:55a     00.0     05.3    00.0   00.7     05.5    17:23p     WNW
11    22.7    29.5   15:46p    17.3   23:01p     00.0     04.4    02.6   01.4     16.6    20:09p      NE
12    19.9    25.9   14:48p    16.7   03:33a     00.0     01.6    06.3   01.5     11.1    13:44p     NNW
13    17.9    21.2   14:42p    15.4   22:37p     00.4     00.0    02.0   01.6     24.1    17:24p      NE
14    15.7    18.0   17:56p    14.3   12:13p     02.6     00.0    01.0   01.2     11.1    13:59p      N 
15    17.0    22.6   13:34p    11.4   05:58a     01.3     00.0    00.5   00.4     07.4    18:02p      SW
16    16.2    18.6   15:00p    14.1   08:52a     02.1     00.0    03.2   00.8     07.4    20:13p      N 
17    19.3    25.9   16:40p    15.8   04:52a     00.0     01.0    29.8   01.1     12.9    18:11p      NE
18    20.4    26.2   16:48p    15.9   05:43a     00.0     02.1    13.4   00.4     05.5    14:54p      NW
19    23.6    29.8   16:08p    16.6   05:58a     00.0     05.3    00.0   00.5     07.4    12:38p     NNE
20    25.3    31.1   16:46p    18.8   06:00a     00.0     07.0    00.0   00.6     05.5    16:25p     NNW
21    26.8    32.7   15:07p    20.7   06:00a     00.0     08.5    00.0   00.4     05.5    13:48p      W 
22    27.3    33.3   15:48p    21.4   05:31a     00.0     09.0    00.0   00.6     05.5    18:36p     SSW
23    27.5    34.1   16:15p    21.6   06:11a     00.0     09.2    00.0   00.7     07.4    15:56p      N 
24    28.3    34.5   16:54p    22.5   05:59a     00.0     10.0    00.0   00.6     09.3    14:32p     ESE
25    29.0    34.9   16:21p    23.3   05:28a     00.0     10.7    00.0   00.6     09.3    17:39p     NNE
26    29.4    35.5   15:20p    23.1   05:54a     00.0     11.1    00.0   00.7     05.5    18:29p      N 
27    27.9    31.7   15:46p    24.6   06:49a     00.0     09.6    00.0   01.0     09.3    10:19a     NNE
28    27.5    32.2   16:36p    22.4   05:37a     00.0     09.2    01.0   01.4     16.6    08:40a     ENE
29    27.9    33.6   16:45p    22.3   06:01a     00.0     09.6    00.0   00.5     05.5    14:53p     SSE
30    26.6    32.5   16:15p    20.3   04:04a     00.0     08.3    09.3   01.0     11.1    23:35p      W 
31
----------------------------------------------------------------------------------------------------------------------------------------------------------
22.9 (23.3)   35.5  day 26     11.4   day 15     006.3    145.7  111.1   00.9     09.8    day 13      N 
Max >=  32.0: 12
Min <=   0.0: 30
Max Rain: 29.8 ON 17-06-08
Days of Rain: 15 (> .2mm) 11 (> 2mm) 1 (> 20mm)