MONTHLY CLIMATOLOGICAL SUMMARY for APR. 2008

NAME:    CITY:  STATE: 
ELEV:  LAT:  LONG: 

                            TEMPERATURE ( C), RAIN (mm), WIND SPEED (kmh)

                                                 HEAT     COOL           AVG
      MEAN                                       DEG      DEG            WIND                         DOM
DAY   TEMP    HIGH   TIME      LOW     TIME      DAYS     DAYS   RAIN    SPEED    HIGH    TIME        DIR
----------------------------------------------------------------------------------------------------------------------------------------------------------
01
02
03
04
05
06
07
08
09
10
11
12
13
14
15
16    09.8    10.4   21:11p    09.2   00:00a     08.5     00.0    00.0   03.2     09.3    22:11p     ENE
17    12.9    17.9   13:22p    09.1   00:19a     05.4     00.0    00.0   01.6     12.9    23:48p     ESE
18    11.2    13.2   15:00p    09.5   08:34a     07.1     00.0    13.2   02.1     14.8    01:30a     ENE
19    14.6    20.3   15:48p    09.9   06:12a     03.7     00.0    05.1   02.4     24.1    14:22p     WNW
20    14.9    21.9   16:01p    08.9   05:59a     03.4     00.0    00.0   00.6     07.4    16:04p     SSE
21    12.1    14.5   00:03a    10.4   00:00a     06.2     00.0    26.4   01.3     14.8    14:31p      NE
22    11.9    15.2   18:07p    10.1   06:39a     06.4     00.0    00.0   00.3     05.5    17:42p     ESE
23    15.5    19.3   15:17p    09.8   08:00a     02.8     00.0    01.0   00.8     05.5    16:01p     ESE
24    16.2    21.4   15:59p    11.7   04:01a     02.1     00.0    01.0   00.9     09.3    13:58p     ESE
25    14.9    21.2   15:10p    10.4   06:20a     03.4     00.0    05.7   00.7     14.8    18:17p     ENE
26    14.6    22.2   14:41p    07.9   06:48a     03.7     00.0    00.0   00.3     07.4    18:41p      W 
27    17.0    22.5   15:39p    11.4   06:40a     01.3     00.0    00.0   00.5     05.5    18:25p     WSW
28    16.8    23.3   16:19p    10.3   06:30a     01.5     00.0    00.0   00.5     09.3    19:03p     SSW
29    13.3    16.3   00:08a    11.4   09:09a     05.0     00.0    02.6   01.0     07.4    23:53p     ESE
30    14.4    19.0   16:24p    11.4   05:35a     03.9     00.0    04.1   01.2     09.3    16:51p      E 
31
----------------------------------------------------------------------------------------------------------------------------------------------------------
14.0 (14.3)   23.3  day 28     07.9   day 26     064.3    000.0  140.5   01.2     10.5    day 19      E 
Min <=   0.0: 15
Max Rain: 26.4 ON 21-04-08
Days of Rain: 8 (> .2mm) 6 (> 2mm) 1 (> 20mm)